erivative of 5/3*o**3 + 5*o + 265 - 1/4*o**4 + 3*o**2. Calculate i(6).
5
Let q = -55 + 60. Suppose -2*c + c = -2*o + 11, q*o - 3*c = 28. Let b(k) = 4*k**3 + 3*k + o*k**2 + 1 - 3*k**3 + 0 + 0. Give b(-3).
10
Let s(r) be the first derivative of -r - 1/2*r**2 + 23 + 7/3*r**3. Calculate s(-1).
7
Let o(p) = 241*p - 2392. Let s be o(10). Let i(b) be the second derivative of -5*b**2 + 0 - s*b - 1/3*b**3. Calculate i(-7).
4
Let g(m) be the second derivative of -m**4/12 + 5*m**3/2 + 31*m**2/2 + 710*m. Give g(17).
-3
Let m(x) = -x**3 - 4*x**2 - 5*x - 3. Suppose -48 = -51*y + 35*y. Let p(o) = 2*o**3 + 3*o**2 + 5*o + 2. Let j(n) = y*m(n) + 2*p(n). Give j(7).
9
Suppose 0 = 5*w + 4*x + 180, 0 = -3*w + 2*x + 39 - 147. Let n = 42 + w. Suppose -2*b - 1 = -3*a + n, -3 = a + 2*b. Let t(r) = -12*r**2 - 1. What is t(a)?
-13
Let g(a) = 24*a + 7. Let i(t) = -25*t - 8. Let n(u) = -7*g(u) - 6*i(u). Suppose -5*b = -4*q + 8, 4*q + 5*b - 4 = 2*q. Suppose 0 = -q*h + 4*h - 2. Give n(h).
-19
Let x be (-55)/22*(-2)/(-1). Let z be (0 - 6/10)*x. Let j(m) = 3*m - 2*m - z*m. Calculate j(-7).
14
Let x(v) be the second derivative of v**3 + 3*v. Let k(o) = -48*o + 385. Let g be k(8). What is x(g)?
6
Let g(v) = v**3 + 52*v**2 - 692*v + 55. Let m be g(-63). Let r(k) = -k**3 - 9*k**2 - 8*k. What is r(m)?
0
Let z(x) be the first derivative of x**4/4 + x**3 + 2*x + 2. Suppose -138*q - 46 + 0 = -115*q. Give z(q).
6
Let t(x) be the first derivative of x**5/60 + 3*x**4/8 + 5*x**3/6 - 42*x**2 - 79. Let y(c) be the second derivative of t(c). Determine y(-6).
-13
Let c(d) be the first derivative of -9*d**2/2 - 126*d - 3067. Determine c(-16).
18
Let j(n) = -5*n + 42. Let f be j(6). Suppose f*r - 64 = -4*r. Let m(b) = -b**2 + 4*b + 4. Calculate m(r).
4
Let x(q) = -17*q + 9*q + 20*q - q**2 - 2. Calculate x(13).
-15
Let x(k) be the third derivative of k**6/360 - k**4/4 - 17*k**2. Let z(a) be the second derivative of x(a). Suppose m + 2 = 3*m. Determine z(m).
2
Let f(a) = -a**3 - 7*a**2 + 5*a + 76. Let v = -16526 + 16520. Determine f(v).
10
Let b be ((-12)/3 - -3) + 7. Let s(n) = 58 - 63 - 27*n + 28*n. Give s(b).
1
Let i(l) = -3*l**2 - 25*l + 134. Let j be i(-12). Let b(a) be the first derivative of 1/2*a**j + 6 + 6*a. Calculate b(-5).
1
Let h = 4490 + -4495. Let a(s) = s**3 + 6*s**2 - 6*s - 12. What is a(h)?
43
Let y(l) be the third derivative of l**4/4 + 41*l**3/6 - 3*l**2 + 346*l. Determine y(-7).
-1
Let f(l) = -2*l - 11. Suppose 0 = 131*r - 2577 + 2970. Determine f(r).
-5
Let h(d) be the second derivative of d**5/20 - 5*d**4/6 + 7*d**3/6 + 5*d**2 - 34*d + 3. What is h(9)?
-8
Let d(q) = -31*q**3 - 51*q**2 + 25*q + 14. Let r(w) = -17*w**3 - 27*w**2 + 13*w + 6. Let j(v) = -6*d(v) + 11*r(v). Calculate j(8).
-10
Suppose -11*o - 9 = 35. Let l(t) = 4 + 9 - 3*t - t**2 + 6 - 20 + 3. Give l(o).
-2
Suppose -9*x + 261 = -153. Suppose x = 8*r + 14. Let j(h) = 0*h**2 - 3*h + 1 - 5*h**2 + 13*h**2 - r*h**2. Determine j(2).
11
Suppose 4*l = 206 - 230, -i - 5*l = 36. Let q(f) = -f**2 - 27*f - 124. Give q(i).
2
Let l(x) = -13*x - 155. Suppose 68 = -5*s + 4*d, -3*s - 3*d = 12 + 18. Calculate l(s).
1
Let z(b) = -29*b - 19. Let h(y) = 20*y + 22. Let r(n) = -4*h(n) - 3*z(n). Calculate r(10).
39
Let t(g) = 14*g**2 + 6*g - 10. Let d = 4052 + -4050. What is t(d)?
58
Let y(p) = 14 + 0 + 2266*p - 2276*p + p**2. Give y(4).
-10
Suppose 0 = -6*l - 60, 2*l - 30 = -5*n - 70. Let v(b) = b + 11 - 7 + 10. Give v(n).
10
Suppose 5*z + 4 = -2*s, -223*s + 5 = -218*s + 5*z. Let x(v) be the first derivative of -22 + 1/3*v**s - v + 0*v**2. Give x(0).
-1
Let i(b) = -76*b**2. Suppose -4*o + 4*h - 11 = h, 5*o - 5*h = -20. What is i(o)?
-76
Let n = 9580 + -9573. Let h(k) = k**2 + 5*k - 5. Give h(n).
79
Let l(a) be the first derivative of -19*a**2/2 + 61*a + 2119. Calculate l(3).
4
Let w(r) = -11*r - 138. Let k be w(-15). Suppose -5*z = 22*z + k. Let o(y) = 11*y**2 - y. Give o(z).
12
Let n(d) = 4*d - 49. Let m be n(13). Let r(b) = 2*b**2 - 5*b - 5*b**2 - 7116*b**3 + m + 7117*b**3. Determine r(5).
28
Let p(b) = 131*b - 793. Let c(q) = q**3 + 23*q**2 - 72*q - 1650. Let t be c(-23). What is p(t)?
-7
Let x(u) = -u + 28. Let w(l) = 2*l - 32. Let i(k) = -23*k - 350. Let p be i(-15). Let q(o) = p*w(o) - 6*x(o). What is q(-5)?
12
Let i(w) = 5*w**3 - 2*w**2 - 7*w - 5. Let k = -5977 + 5975. Calculate i(k).
-39
Let u(f) = -10 + f**2 - 2*f**3 + 5*f - 4*f + 3*f**3. Suppose -11*l + 8*l = -18. Suppose -8*x = -6*x + l*x. Determine u(x).
-10
Let f(v) be the third derivative of -61*v**2 + 7/3*v**3 + 0*v + 1/24*v**4 + 0. Give f(0).
14
Let r(o) = o**3 - 6*o**2 + 5*o + 3. Let i(u) = u**2 + 11*u - 25. Let y be i(-13). Let f(j) = 4*j + 6. Let a be f(y). Suppose -3*v + a = -v. Determine r(v).
3
Suppose -4*k + 176 = 2*h - 56, -3*h + 369 = -k. Let s(j) = -h*j + 253*j - 3 - 130*j. Give s(4).
1
Suppose 8*y + 35 = 15*y. Let v be -8 + 4 + -1 + y. Let j(p) = p**2 + p + 34. Calculate j(v).
34
Suppose 0*x = 15*x - 30. Let i(m) = 0*m**3 - m**2 + m**3 - 1 - 2*m**3 - 10377*m + 10379*m + 3. Calculate i(x).
-6
Let d(h) = -h**2 + 21*h - 11. Let p be d(20). Let g(f) = 11*f - f**2 - f - 3*f - 6 - p*f. Determine g(-4).
-14
Let n(w) = -w**2 + 21*w - 42. Let v(f) = f**2 + 448*f + 5672. Let g be v(-13). Determine n(g).
26
Suppose 2*n - 2*u + 1048 + 90 = 0, 2*u - 570 = n. Let y = -568 - n. Let p(q) = q - 7. Determine p(y).
-7
Let d = -5480 + 5493. Let l(s) be the first derivative of 1/3*s**3 + d + s**2 + 0*s. Give l(2).
8
Let g(m) = -3*m**2 - 99*m - 723. Let f be g(-11). Let p(t) = -4*t**2 + 14*t + 3. Determine p(f).
9
Let i(y) = 7*y + 660. Let t(z) = 61*z + 5779. Let d(n) = -35*i(n) + 4*t(n). Let o = -4 - -4. Let x = 0 - o. Determine d(x).
16
Let w(h) = -81*h + 125. Let x(n) = -67*n + 124. Let b(z) = -6*w(z) + 7*x(z). What is b(-8)?
-18
Suppose 4*g + 2*h - 226 = 0, 0 = -5*g - 6*h + h + 290. Let j = g - 53. Let o(b) = b**3 + b + 3*b**3 + b + j - 5*b**3. Calculate o(-2).
6
Suppose 15 = -20*r + 18*r - z, 3*r = z - 10. Let c(o) = 27*o + 124. What is c(r)?
-11
Suppose 0 = -5*j - 0*j. Let q(x) = 7*x**3 - 3*x**2 + 2*x + 10. Let w(z) = 2*z**3 - z**2. Let u(s) = -q(s) + 3*w(s). Calculate u(j).
-10
Let c(x) be the first derivative of x**3/3 - 17*x**2 + 151*x + 5974. Calculate c(29).
6
Suppose -3*o = 3, 3*v = 7*v - o - 1. Let t(l) = -3*l**3 - 3*l**2 - 3*l - 18. Let i(r) = -7*r**3 - 7*r**2 - 7*r - 37. Let w(u) = 2*i(u) - 5*t(u). What is w(v)?
16
Let x(w) = w + 43. Let l(r) = 6*r + 267. Let h(i) = -2*l(i) + 13*x(i). What is h(0)?
25
Let j(y) = -2*y**2 - 30*y - 109. Let n be (28/(-21))/(6/2835*9*7). Give j(n).
-9
Let p be (42/(-357))/(1/(-17)). Let v(s) = -s + 0*s**2 + 2*s**2 + 5 - 15 + 9 - 3*s**p. Give v(-2).
-3
Suppose 6*g + 18 = 72. Let a(m) = -m**3 + 10*m**2 - 8*m - 5. Let l be a(g). Let s(b) = -555 + 555 + b**2 - l*b. Determine s(3).
-3
Let r be -2 + 0 + 10 - 1. Let g(x) = 9*x**2 - 709*x + 7. Let j(w) = -7*w**2 + 566*w - 6. Let v(h) = -4*g(h) - 5*j(h). Calculate v(r).
-5
Let j = 297 + -167. Let n = 126 - j. Let k(o) = 3*o + 2. Calculate k(n).
-10
Let o(b) = b**2 + 36*b + 215. Let i be 12*455/(-189) + 6/(-54). Determine o(i).
12
Suppose 19*f - 240 = 4*f. Suppose 0 = -2*w - y + 1, 15*w - f*w = y. Let q(a) = 9*a + 5. Let z(h) = -1. Let o(i) = -q(i) - 6*z(i). What is o(w)?
-8
Let l(a) be the second derivative of a**3/6 - 3*a**2/2 + 60*a. Let s(v) = -4*v - 10. Let c be s(-7). Suppose 5*b - c = 12. Give l(b).
3
Let d(o) be the first derivative of -3*o**4/4 + 8*o**3 - o**2 - 26*o + 36. Let i(s) = s**3 - 12*s**2 + s + 13. Let q(a) = -2*d(a) - 5*i(a). Determine q(-12).
-1
Let u(d) be the first derivative of d**7/840 - 7*d**6/360 - d**5/24 - 3*d**4/4 - 49*d**3/3 - d**2 + 94. Let s(x) be the third derivative of u(x). What is s(8)?
6
Let a(v) be the first derivative of v**4/4 + 2*v**3/3 - v**2 - 3*v - 2267. Let s(p) = 7*p - 7*p - 3 - p + 2*p. Let l be s(1). Calculate a(l).
1
Let m(o) be the first derivative of 89 - 3*o - 1/2*o**2. Suppose -7*q + 3*q + 2*n = 24, 4*q + 28 = n. What is m(q)?
5
Suppose 6 + 19 = 5*t. Suppose t + 2 = r. Let d(w) be the third derivative of w**6/120 - 2*w**5/15 + w**4/3 - 2*w**3/3 + w**2. Give d(r).
3
Let r(f) = 2*f**2 - 18*f - 11. Let x(j) = -2*j**2 + 12*j + 8. Let m(z) = 5*r(z) + 7*x(z). Let w(s) = -5*s**2 - 5*s. Let d(a) = -4*m(a) + 3*w(a). Give d(-9).
-4
Let d(w) = -3*w*